 - 1577?
-1583
In base 10, what is 1837 - 15?
1822
In base 10, what is 159 - 15576?
-15417
In base 14, what is -5 + -4cbc?
-4cc3
In base 10, what is 74 + -4861?
-4787
In base 7, what is -16514 - -3?
-16511
In base 5, what is 323 + -110233?
-104410
In base 12, what is 4 - 127667?
-127663
In base 3, what is 11210211 + -2121?
11201020
In base 16, what is 12d1 - f?
12c2
In base 16, what is -1e7b6e + 4?
-1e7b6a
In base 8, what is 3234 + -1326?
1706
In base 10, what is 4787 + 2?
4789
In base 6, what is -23 - 305154?
-305221
In base 13, what is -24c3 + bb?
-2405
In base 3, what is 2000010 - 12121?
1210112
In base 13, what is -7 - -bb1a?
bb13
In base 11, what is -4 + -922a1?
-922a5
In base 2, what is -1010110111 - 101?
-1010111100
In base 16, what is -f852 + -d?
-f85f
In base 15, what is 3cc1 - 16?
3caa
In base 7, what is -32631 - -116?
-32512
In base 8, what is -110532 - 1?
-110533
In base 11, what is -4 + 7213a?
72136
In base 8, what is -17 + -16513?
-16532
In base 4, what is 2 - 110113133?
-110113131
In base 16, what is -5 + 52eb2?
52ead
In base 13, what is 52cc + 2?
5301
In base 3, what is 2010110002 - -2?
2010110011
In base 12, what is -5 - 14653?
-14658
In base 6, what is 4 + -13405031?
-13405023
In base 4, what is -2120300 - -20332?
-2033302
In base 6, what is -5305240 - 1?
-5305241
In base 6, what is 35202 + 4?
35210
In base 5, what is 12242322 - 10?
12242312
In base 8, what is 3 + -3172277?
-3172274
In base 5, what is 10331 - -133?
11014
In base 15, what is -1030a + -7?
-10312
In base 13, what is 32 + -3a19?
-39b7
In base 15, what is -3c + -10808?
-10845
In base 3, what is 12 + 1011011220?
1011012002
In base 8, what is 140 + 515?
655
In base 8, what is 4 - 2071?
-2065
In base 2, what is -11010001 + -11100100?
-110110101
In base 4, what is -10 + 321203312?
321203302
In base 4, what is 3110112 - -232?
3111010
In base 13, what is -13a243 + 4?
-13a23c
In base 4, what is 130022210 - -10?
130022220
In base 12, what is -4a75b + -b?
-4a76a
In base 15, what is -3cbd + 1?
-3cbc
In base 4, what is -21332 - 22?
-22020
In base 6, what is -150424 - -10?
-150414
In base 13, what is 104 - -42?
146
In base 2, what is -1001 + 111100010100?
111100001011
In base 9, what is -1 + 660?
658
In base 16, what is 6 - 85e4?
-85de
In base 9, what is -47342 + -8?
-47351
In base 8, what is -2 + -1173033?
-1173035
In base 8, what is -207 + -2543?
-2752
In base 5, what is 4 - -1040320?
1040324
In base 7, what is -423 - 3500?
-4223
In base 16, what is -18b6 - 1c?
-18d2
In base 8, what is 237735 - 17?
237716
In base 13, what is -2 - 6711?
-6713
In base 8, what is 267243 + 5?
267250
In base 15, what is -99462 - 0?
-99462
In base 8, what is -1575503 - -2?
-1575501
In base 4, what is 1 - -311302?
311303
In base 4, what is 11 + 12332313?
12332330
In base 10, what is 18 - 771?
-753
In base 12, what is 1 + -30549?
-30548
In base 12, what is 11 - 15011?
-15000
In base 14, what is -a + 6626?
661a
In base 13, what is 3ac5 - 4?
3ac1
In base 2, what is 1111011 - -1010001?
11001100
In base 7, what is -4612 - 4?
-4616
In base 4, what is 312 + -211311?
-210333
In base 13, what is -3 + b24c?
b249
In base 6, what is 23 + -4545?
-4522
In base 8, what is 322 + -37763?
-37441
In base 14, what is 57 - 3c5?
-36c
In base 10, what is -82 - 246?
-328
In base 11, what is -2447 + 10?
-2437
In base 2, what is 10001110011101100 - 11100?
10001110011010000
In base 13, what is -1b55 + 180?
-19a5
In base 16, what is -9c8c9 + 9?
-9c8c0
In base 6, what is -505 - -23520?
23011
In base 3, what is -22112 + 1020012?
220200
In base 15, what is 0 - 2ae73?
-2ae73
In base 2, what is 1001001 - -101101?
1110110
In base 4, what is 2 + -223033?
-223031
In base 14, what is -41 + 14d62?
14d21
In base 13, what is -1821c - -92?
-1815a
In base 9, what is 6252 - 106?
6145
In base 9, what is 36 - -252?
288
In base 12, what is 73 - -21?
94
In base 13, what is -5 + 6b7b?
6b76
In base 11, what is -67765 + -4?
-67769
In base 2, what is 100 - -100001011011?
100001011111
In base 2, what is -10000 - 1100101110100111110?
-1100101110101001110
In base 7, what is 666555 + -12?
666543
In base 9, what is 3 + -27318?
-27315
In base 3, what is 11010210201 + 122?
11010211100
In base 6, what is -1 + -452525?
-452530
In base 9, what is -18433 - 13?
-18446
In base 12, what is 13b6 + 500?
18b6
In base 9, what is 5 + -22572?
-22566
In base 4, what is 200 - 10100?
-3300
In base 14, what is -c7a21 - 5?
-c7a26
In base 2, what is 0 - -101100001000101010?
101100001000101010
In base 14, what is -2545 - 2a?
-2571
In base 14, what is 113c0 - -10?
113d0
In base 4, what is -112 - -1013220?
1013102
In base 12, what is -2 + -44994?
-44996
In base 10, what is -51 + 383?
332
In base 7, what is 24024 - -532?
24556
In base 7, what is -22205 - 252?
-22460
In base 15, what is 8 + -edd?
-ed5
In base 8, what is -2051346 - 2?
-2051350
In base 16, what is 1ce8 - 2?
1ce6
In base 4, what is -1 + -22122022?
-22122023
In base 3, what is -21 - 20211011?
-20211102
In base 8, what is 44 + 4666?
4732
In base 3, what is 120021 - -110011?
1000102
In base 2, what is -100 + 1100000110011000?
1100000110010100
In base 11, what is 5 + 146061?
146066
In base 15, what is 76d + -ec?
671
In base 16, what is -5 + 6664?
665f
In base 14, what is 22446 + -8?
2243c
In base 11, what is 13422 - 9?
13414
In base 13, what is -915 + -1b25?
-273a
In base 2, what is 10101010110 - 11011101?
10001111001
In base 13, what is -7 + 1449?
1442
In base 3, what is 2011122010002 - 11?
2011122002221
In base 12, what is 7 + 2202?
2209
In base 5, what is 4 + 301401?
301410
In base 5, what is 111000032 + -2?
111000030
In base 11, what is 2841 + -118?
2724
In base 15, what is 11 + -4b76?
-4b65
In base 11, what is -41175 + 5?
-41170
In base 10, what is 10 - -16?
26
In base 16, what is 7498c - -3?
7498f
In base 6, what is 301 - -3215?
3520
In base 12, what is -4 - -8940?
8938
In base 10, what is -126 - 23?
-149
In base 7, what is 2 + 60213?
60215
In base 7, what is -12 - 4002401?
-4002413
In base 9, what is -47 - 8705?
-8753
In base 15, what is -5 + 1447e?
14479
In base 5, what is -4203013 - 10?
-4203023
In base 3, what is 0 - 202200021?
-202200021
In base 11, what is -26721 + a7?
-26625
In base 11, what is 6 - 97a?
-974
In base 5, what is 23414 - -200?
24114
In base 13, what is -1221 + -4?
-1225
In base 14, what is -3 + -13657d?
-136582
In base 4, what is -1102122200 + -12?
-1102122212
In base 6, what is -254222 - 20?
-254242
In base 5, what is 3034441 + 1?
3034442
In base 5, what is -10 - -2241303?
2241243
In base 14, what is 3 + -20001?
-1dddc
In base 12, what is 496 + -661?
-187
In base 9, what is 27 - -2344?
2372
In base 4, what is -2 + 101113000?
101112332
In base 11, what is 1026aa + 3?
102702
In base 14, what is 1742 + -29?
1717
In base 6, what is 43 - -1444?
1531
In base 5, what is 1 + 13434444?
13440000
In base 8, what is -1354 + 112?
-1242
In base 11, what is 1660 - 3a?
1621
In base 7, what is 16262 + 600?
20162
In base 6, what is -4 - 2100442?
-2100450
In base 16, what is -5 + 94f75?
94f70
In base 10, what is 54689 - 4?
54685
In base 4, what is -1001 + -1103321?
-1110322
In base 8, what is 64520 + -5?
64513
In base 13, what is -3 + -457cc?
-45802
In base 7, what is 1052 - 3156?
-2104
In base 4, what is -101212033 - 121?
-101212220
In base 15, what is 150c0 + 5?
150c5
In base 8, what is -2200 + 302?
-1676
In base 8, what is -25 - 1037?
-1064
In base 6, what is -10441 + -12?
-10453
In base 6, what is 145023 - -1?
145024
In base 14, what is -33 - -307a?
3047
In base 7, what is 161 + 3031?
3222
In base 2, what is 1 + -10001011111010010?
-10001011111010001
In base 10, what is -4490 + -29?
-4519
In base 5, what is -1231120 - 11?
-1231131
In base 11, what is 1831 + -72?
176a
In base 7, what is -311 - 6453?
-10064
In base 4, what is -22220 + -1?
-22221
In base 8, what is -3355 + 10?
-3345
In base 5, what is 13033 - 20200?
-2112
In base 14, what is -6 - 38d6?
-38dc
In base 12, what is -3 - 167a2?
-167a5
In base 10, what is -14 + -80?
-94
In base 6, what is -41 - 12541?
-13022
In base 8, what is 4 + 137720?
137724
In base 12, what is bb26 - 5?
bb21
In base 4, what is 32 - 32?
0
In base 11, what is -425 + 3a?
-396
In base 10, what is -55925 + 15?
-55910
In base 4, what is -331320213 - -2?
-331320211
In base 9, w